ber?
False
Is 1430267131 composite?
False
Is 32408568677 composite?
False
Is 296706461 prime?
True
Is 3336226 composite?
True
Is 969196799 a composite number?
False
Is 67397991329 prime?
True
Is 644531023 prime?
True
Is 8151669509 prime?
True
Is 14431357 a composite number?
True
Is 6371089037 composite?
False
Is 5750791513 a composite number?
True
Is 1435412123 composite?
False
Is 707416571 prime?
True
Is 163829903 composite?
True
Is 3215328715 prime?
False
Is 1877842357 a composite number?
True
Is 11946805634 composite?
True
Is 5539279721 a composite number?
False
Is 2130823393 prime?
False
Is 29497783 prime?
False
Is 53850039833 composite?
False
Is 238116247 a prime number?
True
Is 10538544557 prime?
False
Is 39570040061 composite?
False
Is 784895533 prime?
False
Is 72518732161 a composite number?
False
Is 747764051 a prime number?
False
Is 1040542093 a prime number?
False
Is 11538659219 composite?
False
Is 111599787421 composite?
False
Is 307451413 composite?
True
Is 14496145967 a composite number?
False
Is 11477650741 a composite number?
True
Is 66667765589 a prime number?
False
Is 2811575453 composite?
True
Is 15457210907 prime?
False
Is 370722463 a composite number?
True
Is 9541901 a composite number?
False
Is 917539099 composite?
False
Is 74596658863 a prime number?
True
Is 296904977 a prime number?
False
Is 13120168639 prime?
True
Is 5304301913 composite?
False
Is 128066773 composite?
True
Is 822252271 a prime number?
True
Is 5436666143 composite?
False
Is 79783457651 a prime number?
True
Is 2069999273 prime?
True
Is 6276859063 a composite number?
False
Is 8676888239 a prime number?
True
Is 24034487459 composite?
True
Is 3300235513 prime?
True
Is 1347568891 composite?
False
Is 135965261 a composite number?
True
Is 31260580859 a composite number?
True
Is 863664341 composite?
True
Is 3134526037 a composite number?
False
Is 375225821 a prime number?
False
Is 310395846529 a prime number?
True
Is 1834423793 composite?
False
Is 53585792779 composite?
True
Is 753028049 a composite number?
True
Is 5669152211 a composite number?
True
Is 10066319033 a composite number?
True
Is 14902681043 a composite number?
False
Is 4323273641 a prime number?
True
Is 49756231751 a composite number?
False
Is 4977496141 composite?
True
Is 138611573 a prime number?
True
Is 1867394069 a composite number?
False
Is 8407435679 prime?
True
Is 125472047 prime?
False
Is 386105633 a composite number?
True
Is 367122283 prime?
False
Is 2552947219 prime?
True
Is 71996276389 a prime number?
False
Is 373279613 a composite number?
True
Is 613791397 prime?
True
Is 302967811 a prime number?
True
Is 963367217 a composite number?
False
Is 92481866446 composite?
True
Is 3053254949 a prime number?
True
Is 204951421 composite?
True
Is 15109529 a prime number?
True
Is 16796487793 prime?
False
Is 40970556659 prime?
False
Is 565988983 composite?
True
Is 2952805643 prime?
True
Is 9275912263 prime?
True
Is 87888583 a composite number?
True
Is 2438651393 a composite number?
False
Is 533568821 a prime number?
True
Is 1061514677 composite?
False
Is 140738713 a composite number?
True
Is 110957319149 composite?
False
Is 37810054231 a composite number?
False
Is 10307423521 a prime number?
True
Is 30848876405 prime?
False
Is 8087771147 composite?
True
Is 37036970297 composite?
False
Is 659811727 composite?
True
Is 2423271289 a composite number?
True
Is 2900560459 a composite number?
True
Is 19877390833 prime?
False
Is 11738044831 prime?
True
Is 1000313581 prime?
True
Is 26085053965 a prime number?
False
Is 4198891654 a prime number?
False
Is 14722424077 a composite number?
False
Is 7667998859 a prime number?
True
Is 2069031623 composite?
True
Is 3185344049 a composite number?
True
Is 128272593 a prime number?
False
Is 218899199 a prime number?
False
Is 52317224859 a prime number?
False
Is 1300329529 composite?
False
Is 653917601 prime?
True
Is 3246445801 prime?
True
Is 56157892481 composite?
True
Is 42127661371 a prime number?
True
Is 3714581407 a prime number?
False
Is 14584831466 prime?
False
Is 676855337 prime?
True
Is 4731591811 a prime number?
True
Is 2221834543 a prime number?
True
Is 12606560887 a composite number?
True
Is 16361912869 a composite number?
True
Is 756889247 a prime number?
True
Is 148909889 a prime number?
False
Is 2213835389 a composite number?
False
Is 6096031027 composite?
True
Is 2477319095 prime?
False
Is 156550159 a composite number?
True
Is 3834785431 a prime number?
True
Is 579293191 composite?
True
Is 1438344377 composite?
False
Is 709647041 composite?
False
Is 4686436049 a composite number?
False
Is 28429530211 composite?
False
Is 216632957 composite?
False
Is 12040549729 composite?
True
Is 197321469031 a prime number?
False
Is 17628665507 a composite number?
True
Is 6746223709 prime?
True
Is 10255108439 composite?
False
Is 8784129161 a composite number?
False
Is 1301675383 a composite number?
True
Is 48003345881 a composite number?
True
Is 45354447181 a composite number?
True
Is 16761800927 a prime number?
False
Is 835289383 a composite number?
True
Is 953452613 a composite number?
True
Is 23168738447 composite?
True
Is 62211706273 a composite number?
False
Is 17431412641 a composite number?
True
Is 589437263 a composite number?
True
Is 51016459253 composite?
False
Is 3719413823 a composite number?
False
Is 42253633567 prime?
True
Is 333119681 a prime number?
False
Is 6477046637 a prime number?
False
Is 57589852729 composite?
False
Is 14029472123 prime?
False
Is 485144893 a prime number?
False
Is 4272215282 a composite number?
True
Is 1009338023 composite?
False
Is 206221991 prime?
False
Is 5240819293 a prime number?
False
Is 22456251289 composite?
False
Is 5268398627 a composite number?
False
Is 4232611223 a prime number?
False
Is 177917221 composite?
True
Is 2154180241 composite?
False
Is 96229283779 a prime number?
False
Is 410835091 a composite number?
True
Is 5732328301 a prime number?
False
Is 80108230087 composite?
False
Is 40830253 prime?
True
Is 1940324657 prime?
False
Is 2320874503 a composite number?
True
Is 19771734687 a prime number?
False
Is 1832903507 composite?
False
Is 35175700583 composite?
False
Is 104860559873 a prime number?
True
Is 9722157517 prime?
False
Is 9056752109 a prime number?
False
Is 244471399 prime?
True
Is 12390587593 a prime number?
False
Is 167449079099 composite?
False
Is 12809768771 prime?
True
Is 1515590569 prime?
False
Is 6070644361 a prime number?
True
Is 787991367 composite?
True
Is 62741241014 composite?
True
Is 438765371 composite?
True
Is 9093676789 composite?
False
Is 1406775451 a composite number?
False
Is 7066057543 a prime number?
True
Is 85850571187 a prime number?
False
Is 40328935807 prime?
True
Is 115697904878 prime?
False
Is 36070278469 a composite number?
False
Is 412976735 prime?
False
Is 17908949089 a composite number?
True
Is 877478669 composite?
True
Is 621390929 a prime number?
True
Is 419815217 a composite number?
False
Is 120041081 prime?
True
Is 29162279891 composite?
False
Is 100565829617 a composite number?
True
Is 5733692297 a composite number?
False
Is 206017413167 a prime number?
True
Is 113935631 a prime number?
True
Is 24734429 a composite number?
True
Is 232607707 a composite number?
True
Is 17182735949 a prime number?
True
Is 363571301 composite?
True
Is 9365413795 a prime number?
False
Is 6740572577 a prime number?
True
Is 381410713 prime?
False
Is 58266016681 composite?
True
Is 2523514495 a composite number?
True
Is 333989917 a composite number?
False
Is 82124297471 composite?
False
Is 6841957718 prime?
False
Is 2292244729 a composite number?
False
Is 15871926169 a composite number?
True
Is 77042551 a composite number?
False
Is 664893323 a composite number?
True
Is 141858536507 a prime number?
True
Is 5641674653 composite?
True
Is 2897293193 composite?
True
Is 526992079 prime?
True
Is 2092428281 prime?
True
Is 170864801 a prime number?
False
Is 65144657983 prime?
True
Is 67133406818 prime?
False
Is 24518657 prime?
False
Is 14146785607 a composite number?
False
Is 11205237847 composite?
False
Is 300285547 composite?
False
Is 110830847389 composite?
False
Is 8109913831 composite?
False
Is 947293621 a prime number?
False
Is 1370206253 composite?
True
Is 49759381963 a composite number?
Fals